 and 7059?
39
What is the highest common factor of 275 and 400?
25
What is the greatest common factor of 15 and 55?
5
What is the greatest common divisor of 2941 and 51?
17
Calculate the greatest common factor of 180 and 3870.
90
Calculate the highest common factor of 989 and 23.
23
What is the highest common factor of 9 and 81?
9
What is the greatest common divisor of 1953 and 1008?
63
What is the highest common divisor of 59 and 2596?
59
Calculate the highest common factor of 1043 and 77.
7
What is the greatest common factor of 134 and 6566?
134
What is the greatest common divisor of 36 and 162?
18
What is the greatest common factor of 52 and 286?
26
What is the highest common divisor of 970 and 30?
10
Calculate the highest common divisor of 232 and 290.
58
What is the greatest common divisor of 56 and 7000?
56
Calculate the greatest common factor of 19 and 16.
1
Calculate the greatest common factor of 28006 and 268.
134
What is the greatest common divisor of 7 and 6209?
7
What is the greatest common divisor of 42536 and 104?
104
Calculate the highest common factor of 2 and 32.
2
Calculate the highest common divisor of 182 and 78.
26
What is the highest common divisor of 435 and 765?
15
What is the highest common divisor of 665 and 35?
35
Calculate the greatest common divisor of 16 and 32.
16
What is the highest common factor of 2696 and 12?
4
What is the highest common divisor of 27 and 297?
27
What is the greatest common divisor of 16 and 368?
16
Calculate the highest common factor of 955 and 65.
5
What is the greatest common factor of 21 and 147?
21
What is the highest common divisor of 105 and 336?
21
What is the greatest common factor of 125 and 5?
5
Calculate the highest common divisor of 618 and 6.
6
What is the greatest common divisor of 116 and 174?
58
What is the greatest common divisor of 999 and 74?
37
Calculate the greatest common divisor of 4602 and 156.
78
What is the highest common divisor of 437 and 209?
19
What is the highest common divisor of 1854 and 54?
18
What is the greatest common divisor of 1027 and 143?
13
Calculate the highest common factor of 1392 and 48.
48
Calculate the highest common factor of 7 and 189.
7
Calculate the highest common factor of 7 and 1589.
7
Calculate the greatest common divisor of 1090 and 5.
5
What is the greatest common factor of 24 and 3129?
3
What is the highest common factor of 61876 and 124?
124
Calculate the greatest common divisor of 55 and 22.
11
What is the highest common divisor of 238 and 112?
14
What is the highest common divisor of 56 and 322?
14
What is the highest common factor of 1016 and 635?
127
What is the highest common divisor of 150 and 240?
30
Calculate the highest common divisor of 34 and 9622.
34
What is the highest common factor of 28 and 90?
2
Calculate the greatest common factor of 371 and 82733.
371
What is the greatest common factor of 134 and 6?
2
What is the highest common factor of 17 and 53?
1
Calculate the highest common divisor of 13732 and 4.
4
Calculate the highest common factor of 62 and 837.
31
Calculate the highest common divisor of 9 and 11.
1
Calculate the highest common divisor of 10 and 14930.
10
What is the highest common factor of 840 and 105?
105
Calculate the greatest common factor of 84 and 714.
42
Calculate the greatest common factor of 896 and 128.
128
What is the greatest common factor of 381 and 6?
3
What is the greatest common divisor of 306 and 210?
6
Calculate the greatest common factor of 285 and 171.
57
What is the greatest common divisor of 11 and 12661?
11
What is the greatest common factor of 765 and 34?
17
What is the highest common divisor of 1944 and 9?
9
What is the greatest common factor of 306 and 144?
18
What is the highest common divisor of 37 and 37?
37
What is the greatest common divisor of 47 and 4?
1
Calculate the greatest common divisor of 58 and 29.
29
Calculate the highest common factor of 117 and 1599.
39
Calculate the highest common factor of 540 and 9.
9
Calculate the greatest common divisor of 27 and 4509.
27
What is the greatest common factor of 18 and 1776?
6
What is the highest common divisor of 120 and 135?
15
What is the highest common factor of 292 and 2701?
73
Calculate the highest common factor of 851 and 111.
37
Calculate the highest common factor of 72 and 224.
8
What is the highest common factor of 456 and 24?
24
Calculate the highest common factor of 73 and 7081.
73
Calculate the highest common divisor of 42 and 162.
6
Calculate the highest common factor of 776 and 34.
2
What is the greatest common divisor of 2624 and 320?
64
Calculate the highest common factor of 10 and 3490.
10
Calculate the highest common factor of 19618 and 34.
34
Calculate the greatest common divisor of 50 and 1130.
10
What is the greatest common divisor of 216 and 104?
8
What is the highest common divisor of 1920 and 15?
15
Calculate the highest common factor of 27 and 4824.
9
Calculate the greatest common factor of 9856 and 128.
128
What is the greatest common factor of 99 and 45?
9
Calculate the greatest common factor of 470 and 846.
94
What is the greatest common factor of 40 and 3580?
20
Calculate the greatest common divisor of 20525 and 100.
25
What is the greatest common factor of 2773 and 47?
47
Calculate the greatest common factor of 4541 and 209.
19
Calculate the greatest common divisor of 321 and 4387.
107
Calculate the highest common divisor of 92 and 12604.
92
Calculate the highest common factor of 418 and 722.
38
Calculate the greatest common divisor of 4860 and 72.
36
Calculate the greatest common divisor of 1053 and 54.
27
What is the highest common divisor of 3605 and 35?
35
Calculate the highest common factor of 7 and 749.
7
Calculate the highest common factor of 4 and 5.
1
What is the highest common factor of 16 and 16?
16
What is the greatest common divisor of 498 and 354?
6
What is the greatest common factor of 91 and 4459?
91
Calculate the greatest common factor of 902 and 66.
22
What is the highest common divisor of 36 and 900?
36
Calculate the highest common divisor of 55 and 132.
11
Calculate the highest common factor of 265 and 35.
5
What is the greatest common divisor of 4180 and 19?
19
Calculate the highest common factor of 522 and 90.
18
Calculate the greatest common factor of 567 and 5859.
189
Calculate the highest common factor of 768 and 12.
12
Calculate the greatest common divisor of 44 and 484.
44
What is the highest common divisor of 1661 and 77?
11
What is the greatest common divisor of 186 and 837?
93
What is the greatest common factor of 104 and 3016?
104
Calculate the highest common divisor of 32 and 1024.
32
Calculate the highest common factor of 138 and 102.
6
What is the greatest common divisor of 297 and 621?
27
What is the highest common factor of 63 and 49770?
63
Calculate the greatest common factor of 203 and 2987.
29
What is the greatest common factor of 10 and 560?
10
What is the highest common factor of 639 and 54?
9
Calculate the greatest common divisor of 20 and 110.
10
What is the highest common divisor of 240 and 208?
16
What is the greatest common factor of 76 and 513?
19
What is the highest common divisor of 472 and 59?
59
What is the greatest common divisor of 645 and 3053?
43
Calculate the highest common factor of 408 and 4692.
204
Calculate the greatest common factor of 120 and 16440.
120
Calculate the greatest common factor of 799 and 17.
17
Calculate the highest common factor of 788 and 4.
4
What is the highest common factor of 114 and 18?
6
What is the greatest common factor of 46094 and 38?
38
What is the greatest common divisor of 242 and 187?
11
What is the highest common divisor of 8952 and 2611?
373
What is the highest common divisor of 55 and 605?
55
What is the highest common divisor of 140 and 4585?
35
What is the highest common divisor of 9420 and 20?
20
Calculate the highest common divisor of 2835 and 63.
63
Calculate the highest common factor of 6 and 270.
6
What is the greatest common factor of 132 and 24?
12
What is the highest common divisor of 156 and 9126?
78
What is the greatest common divisor of 129 and 2064?
129
What is the highest common factor of 2106 and 624?
78
What is the greatest common factor of 11620 and 980?
140
Calculate the highest com